[INFO] fetching crate galvanic-mock 0.1.3...
[INFO] checking galvanic-mock-0.1.3 against try#72f88fc4e9458f89516a0b8b0868f3718aec5b47 for pr-74989
[INFO] extracting crate galvanic-mock 0.1.3 into /workspace/builds/worker-2/source
[INFO] validating manifest of crates.io crate galvanic-mock 0.1.3 on toolchain 72f88fc4e9458f89516a0b8b0868f3718aec5b47
[INFO] running `Command { std: "/workspace/cargo-home/bin/cargo" "+72f88fc4e9458f89516a0b8b0868f3718aec5b47" "read-manifest" "--manifest-path" "Cargo.toml", kill_on_drop: false }`
[INFO] started tweaking crates.io crate galvanic-mock 0.1.3
[INFO] finished tweaking crates.io crate galvanic-mock 0.1.3
[INFO] tweaked toml for crates.io crate galvanic-mock 0.1.3 written to /workspace/builds/worker-2/source/Cargo.toml
[INFO] running `Command { std: "/workspace/cargo-home/bin/cargo" "+72f88fc4e9458f89516a0b8b0868f3718aec5b47" "generate-lockfile" "--manifest-path" "Cargo.toml" "-Zno-index-update", kill_on_drop: false }`
[INFO] running `Command { std: "/workspace/cargo-home/bin/cargo" "+72f88fc4e9458f89516a0b8b0868f3718aec5b47" "fetch" "--locked" "--manifest-path" "Cargo.toml", kill_on_drop: false }`
[INFO] running `Command { std: "docker" "create" "-v" "/var/lib/crater-agent-workspace/builds/worker-2/target:/opt/rustwide/target:rw,Z" "-v" "/var/lib/crater-agent-workspace/builds/worker-2/source:/opt/rustwide/workdir:ro,Z" "-v" "/var/lib/crater-agent-workspace/cargo-home:/opt/rustwide/cargo-home:ro,Z" "-v" "/var/lib/crater-agent-workspace/rustup-home:/opt/rustwide/rustup-home:ro,Z" "-e" "SOURCE_DIR=/opt/rustwide/workdir" "-e" "CARGO_TARGET_DIR=/opt/rustwide/target" "-e" "CARGO_HOME=/opt/rustwide/cargo-home" "-e" "RUSTUP_HOME=/opt/rustwide/rustup-home" "-w" "/opt/rustwide/workdir" "-m" "1610612736" "--user" "0:0" "--network" "none" "rustops/crates-build-env@sha256:d92eaeed33fa75130ca1ee6c8a01d1ffb62bac859dfdfb3450e3e5d1c0146529" "/opt/rustwide/cargo-home/bin/cargo" "+72f88fc4e9458f89516a0b8b0868f3718aec5b47" "metadata" "--no-deps" "--format-version=1", kill_on_drop: false }`
[INFO] [stdout] eebcf1f31bb459b3bf932675372d235281133ddb59a437e41d3a51db9124082d
[INFO] [stderr] WARNING: Your kernel does not support swap limit capabilities or the cgroup is not mounted. Memory limited without swap.
[INFO] running `Command { std: "docker" "start" "-a" "eebcf1f31bb459b3bf932675372d235281133ddb59a437e41d3a51db9124082d", kill_on_drop: false }`
[INFO] running `Command { std: "docker" "inspect" "eebcf1f31bb459b3bf932675372d235281133ddb59a437e41d3a51db9124082d", kill_on_drop: false }`
[INFO] running `Command { std: "docker" "rm" "-f" "eebcf1f31bb459b3bf932675372d235281133ddb59a437e41d3a51db9124082d", kill_on_drop: false }`
[INFO] [stdout] eebcf1f31bb459b3bf932675372d235281133ddb59a437e41d3a51db9124082d
[INFO] running `Command { std: "docker" "create" "-v" "/var/lib/crater-agent-workspace/builds/worker-2/target:/opt/rustwide/target:rw,Z" "-v" "/var/lib/crater-agent-workspace/builds/worker-2/source:/opt/rustwide/workdir:ro,Z" "-v" "/var/lib/crater-agent-workspace/cargo-home:/opt/rustwide/cargo-home:ro,Z" "-v" "/var/lib/crater-agent-workspace/rustup-home:/opt/rustwide/rustup-home:ro,Z" "-e" "SOURCE_DIR=/opt/rustwide/workdir" "-e" "CARGO_TARGET_DIR=/opt/rustwide/target" "-e" "CARGO_INCREMENTAL=0" "-e" "RUST_BACKTRACE=full" "-e" "RUSTFLAGS=--cap-lints=forbid" "-e" "CARGO_HOME=/opt/rustwide/cargo-home" "-e" "RUSTUP_HOME=/opt/rustwide/rustup-home" "-w" "/opt/rustwide/workdir" "-m" "1610612736" "--user" "0:0" "--network" "none" "rustops/crates-build-env@sha256:d92eaeed33fa75130ca1ee6c8a01d1ffb62bac859dfdfb3450e3e5d1c0146529" "/opt/rustwide/cargo-home/bin/cargo" "+72f88fc4e9458f89516a0b8b0868f3718aec5b47" "check" "--frozen" "--all" "--all-targets" "--message-format=json", kill_on_drop: false }`
[INFO] [stderr] WARNING: Your kernel does not support swap limit capabilities or the cgroup is not mounted. Memory limited without swap.
[INFO] [stdout] d7cdb73ca7e6b346749b79e81735f70a4c541056c023b08e2ee01a39735e97d9
[INFO] running `Command { std: "docker" "start" "-a" "d7cdb73ca7e6b346749b79e81735f70a4c541056c023b08e2ee01a39735e97d9", kill_on_drop: false }`
[INFO] [stderr]     Checking unicode-xid v0.0.4
[INFO] [stderr]     Checking quote v0.3.15
[INFO] [stderr]     Checking lazy_static v0.2.11
[INFO] [stderr]     Checking galvanic-assert v0.8.7
[INFO] [stderr]    Compiling synom v0.11.3
[INFO] [stderr]     Checking syn v0.11.11
[INFO] [stderr]     Checking galvanic-mock v0.1.3 (/opt/rustwide/workdir)
[INFO] [stdout] warning: use of deprecated constant `std::sync::ONCE_INIT`: the `new` function is now preferred
[INFO] [stdout]   --> src/data.rs:42:1
[INFO] [stdout]    |
[INFO] [stdout] 42 | / lazy_static! {
[INFO] [stdout] 43 | |     pub static ref MOCKABLE_TRAITS: Mutex<MockableTraits> = {
[INFO] [stdout] 44 | |         Mutex::new(HashMap::new())
[INFO] [stdout] 45 | |     };
[INFO] [stdout] 46 | | }
[INFO] [stdout]    | |_^
[INFO] [stdout]    |
[INFO] [stdout]    = note: `#[warn(deprecated)]` on by default
[INFO] [stdout]    = note: this warning originates in a macro (in Nightly builds, run with -Z macro-backtrace for more info)
[INFO] [stdout] 
[INFO] [stdout] 
[INFO] [stdout] warning: use of deprecated constant `std::sync::ONCE_INIT`: the `new` function is now preferred
[INFO] [stdout]   --> src/data.rs:54:1
[INFO] [stdout]    |
[INFO] [stdout] 54 | / lazy_static! {
[INFO] [stdout] 55 | |     pub static ref REQUESTED_MOCKS: Mutex<Vec<RequestedMock>> = {
[INFO] [stdout] 56 | |         Mutex::new(Vec::new())
[INFO] [stdout] 57 | |     };
[INFO] [stdout] 58 | | }
[INFO] [stdout]    | |_^
[INFO] [stdout]    |
[INFO] [stdout]    = note: this warning originates in a macro (in Nightly builds, run with -Z macro-backtrace for more info)
[INFO] [stdout] 
[INFO] [stdout] 
[INFO] [stdout] warning: use of deprecated constant `std::sync::ONCE_INIT`: the `new` function is now preferred
[INFO] [stdout]   --> src/data.rs:73:1
[INFO] [stdout]    |
[INFO] [stdout] 73 | / lazy_static! {
[INFO] [stdout] 74 | |     pub static ref BINDINGS: Mutex<Bindings> = {
[INFO] [stdout] 75 | |         Mutex::new(Vec::new())
[INFO] [stdout] 76 | |     };
[INFO] [stdout] 77 | | }
[INFO] [stdout]    | |_^
[INFO] [stdout]    |
[INFO] [stdout]    = note: this warning originates in a macro (in Nightly builds, run with -Z macro-backtrace for more info)
[INFO] [stdout] 
[INFO] [stdout] 
[INFO] [stdout] warning: use of deprecated constant `std::sync::ONCE_INIT`: the `new` function is now preferred
[INFO] [stdout]    --> src/data.rs:155:1
[INFO] [stdout]     |
[INFO] [stdout] 155 | / lazy_static! {
[INFO] [stdout] 156 | |     pub static ref GIVEN_STATEMENTS: Mutex<GivenStatements> = {
[INFO] [stdout] 157 | |         Mutex::new(HashMap::new())
[INFO] [stdout] 158 | |     };
[INFO] [stdout] 159 | | }
[INFO] [stdout]     | |_^
[INFO] [stdout]     |
[INFO] [stdout]     = note: this warning originates in a macro (in Nightly builds, run with -Z macro-backtrace for more info)
[INFO] [stdout] 
[INFO] [stdout] 
[INFO] [stdout] warning: use of deprecated constant `std::sync::ONCE_INIT`: the `new` function is now preferred
[INFO] [stdout]    --> src/data.rs:218:1
[INFO] [stdout]     |
[INFO] [stdout] 218 | / lazy_static! {
[INFO] [stdout] 219 | |     pub static ref EXPECT_STATEMENTS: Mutex<ExpectStatements> = {
[INFO] [stdout] 220 | |         Mutex::new(HashMap::new())
[INFO] [stdout] 221 | |     };
[INFO] [stdout] 222 | | }
[INFO] [stdout]     | |_^
[INFO] [stdout]     |
[INFO] [stdout]     = note: this warning originates in a macro (in Nightly builds, run with -Z macro-backtrace for more info)
[INFO] [stdout] 
[INFO] [stdout] 
[INFO] [stdout] warning: use of deprecated constant `std::sync::ONCE_INIT`: the `new` function is now preferred
[INFO] [stdout]   --> src/data.rs:42:1
[INFO] [stdout]    |
[INFO] [stdout] 42 | / lazy_static! {
[INFO] [stdout] 43 | |     pub static ref MOCKABLE_TRAITS: Mutex<MockableTraits> = {
[INFO] [stdout] 44 | |         Mutex::new(HashMap::new())
[INFO] [stdout] 45 | |     };
[INFO] [stdout] 46 | | }
[INFO] [stdout]    | |_^
[INFO] [stdout]    |
[INFO] [stdout]    = note: `#[warn(deprecated)]` on by default
[INFO] [stdout]    = note: this warning originates in a macro (in Nightly builds, run with -Z macro-backtrace for more info)
[INFO] [stdout] 
[INFO] [stdout] 
[INFO] [stdout] warning: use of deprecated constant `std::sync::ONCE_INIT`: the `new` function is now preferred
[INFO] [stdout]   --> src/data.rs:54:1
[INFO] [stdout]    |
[INFO] [stdout] 54 | / lazy_static! {
[INFO] [stdout] 55 | |     pub static ref REQUESTED_MOCKS: Mutex<Vec<RequestedMock>> = {
[INFO] [stdout] 56 | |         Mutex::new(Vec::new())
[INFO] [stdout] 57 | |     };
[INFO] [stdout] 58 | | }
[INFO] [stdout]    | |_^
[INFO] [stdout]    |
[INFO] [stdout]    = note: this warning originates in a macro (in Nightly builds, run with -Z macro-backtrace for more info)
[INFO] [stdout] 
[INFO] [stdout] 
[INFO] [stdout] warning: use of deprecated constant `std::sync::ONCE_INIT`: the `new` function is now preferred
[INFO] [stdout]   --> src/data.rs:73:1
[INFO] [stdout]    |
[INFO] [stdout] 73 | / lazy_static! {
[INFO] [stdout] 74 | |     pub static ref BINDINGS: Mutex<Bindings> = {
[INFO] [stdout] 75 | |         Mutex::new(Vec::new())
[INFO] [stdout] 76 | |     };
[INFO] [stdout] 77 | | }
[INFO] [stdout]    | |_^
[INFO] [stdout]    |
[INFO] [stdout]    = note: this warning originates in a macro (in Nightly builds, run with -Z macro-backtrace for more info)
[INFO] [stdout] 
[INFO] [stdout] 
[INFO] [stdout] warning: use of deprecated constant `std::sync::ONCE_INIT`: the `new` function is now preferred
[INFO] [stdout]    --> src/data.rs:155:1
[INFO] [stdout]     |
[INFO] [stdout] 155 | / lazy_static! {
[INFO] [stdout] 156 | |     pub static ref GIVEN_STATEMENTS: Mutex<GivenStatements> = {
[INFO] [stdout] 157 | |         Mutex::new(HashMap::new())
[INFO] [stdout] 158 | |     };
[INFO] [stdout] 159 | | }
[INFO] [stdout]     | |_^
[INFO] [stdout]     |
[INFO] [stdout]     = note: this warning originates in a macro (in Nightly builds, run with -Z macro-backtrace for more info)
[INFO] [stdout] 
[INFO] [stdout] 
[INFO] [stdout] warning: use of deprecated constant `std::sync::ONCE_INIT`: the `new` function is now preferred
[INFO] [stdout]    --> src/data.rs:218:1
[INFO] [stdout]     |
[INFO] [stdout] 218 | / lazy_static! {
[INFO] [stdout] 219 | |     pub static ref EXPECT_STATEMENTS: Mutex<ExpectStatements> = {
[INFO] [stdout] 220 | |         Mutex::new(HashMap::new())
[INFO] [stdout] 221 | |     };
[INFO] [stdout] 222 | | }
[INFO] [stdout]     | |_^
[INFO] [stdout]     |
[INFO] [stdout]     = note: this warning originates in a macro (in Nightly builds, run with -Z macro-backtrace for more info)
[INFO] [stdout] 
[INFO] [stdout] 
[INFO] [stdout] warning: the feature `proc_macro` has been stable since 1.29.0 and no longer requires an attribute to enable
[INFO] [stdout]   --> src/lib.rs:15:12
[INFO] [stdout]    |
[INFO] [stdout] 15 | #![feature(proc_macro)]
[INFO] [stdout]    |            ^^^^^^^^^^
[INFO] [stdout]    |
[INFO] [stdout]    = note: `#[warn(stable_features)]` on by default
[INFO] [stdout] 
[INFO] [stdout] 
[INFO] [stdout] warning: this method call currently resolves to `<&[T; N] as IntoIterator>::into_iter` (due to autoref coercions), but that might change in the future when `IntoIterator` impls for arrays are added.
[INFO] [stdout]    --> src/lib.rs:236:17
[INFO] [stdout]     |
[INFO] [stdout] 236 |     macro_names.into_iter()
[INFO] [stdout]     |                 ^^^^^^^^^ help: use `.iter()` instead of `.into_iter()` to avoid ambiguity: `iter`
[INFO] [stdout]     |
[INFO] [stdout]     = note: `#[warn(array_into_iter)]` on by default
[INFO] [stdout]     = warning: this was previously accepted by the compiler but is being phased out; it will become a hard error in a future release!
[INFO] [stdout]     = note: for more information, see issue #66145 <https://github.com/rust-lang/rust/issues/66145>
[INFO] [stdout] 
[INFO] [stdout] 
[INFO] [stdout] warning: 7 warnings emitted
[INFO] [stdout] 
[INFO] [stdout] 
[INFO] [stdout] warning: the feature `proc_macro` has been stable since 1.29.0 and no longer requires an attribute to enable
[INFO] [stdout]   --> src/lib.rs:15:12
[INFO] [stdout]    |
[INFO] [stdout] 15 | #![feature(proc_macro)]
[INFO] [stdout]    |            ^^^^^^^^^^
[INFO] [stdout]    |
[INFO] [stdout]    = note: `#[warn(stable_features)]` on by default
[INFO] [stdout] 
[INFO] [stdout] 
[INFO] [stdout] warning: this method call currently resolves to `<&[T; N] as IntoIterator>::into_iter` (due to autoref coercions), but that might change in the future when `IntoIterator` impls for arrays are added.
[INFO] [stdout]    --> src/lib.rs:236:17
[INFO] [stdout]     |
[INFO] [stdout] 236 |     macro_names.into_iter()
[INFO] [stdout]     |                 ^^^^^^^^^ help: use `.iter()` instead of `.into_iter()` to avoid ambiguity: `iter`
[INFO] [stdout]     |
[INFO] [stdout]     = note: `#[warn(array_into_iter)]` on by default
[INFO] [stdout]     = warning: this was previously accepted by the compiler but is being phased out; it will become a hard error in a future release!
[INFO] [stdout]     = note: for more information, see issue #66145 <https://github.com/rust-lang/rust/issues/66145>
[INFO] [stdout] 
[INFO] [stdout] 
[INFO] [stdout] warning: 7 warnings emitted
[INFO] [stdout] 
[INFO] [stdout] 
[INFO] [stdout] warning: use of deprecated constant `std::sync::ONCE_INIT`: the `new` function is now preferred
[INFO] [stdout]   --> src/data.rs:42:1
[INFO] [stdout]    |
[INFO] [stdout] 42 | / lazy_static! {
[INFO] [stdout] 43 | |     pub static ref MOCKABLE_TRAITS: Mutex<MockableTraits> = {
[INFO] [stdout] 44 | |         Mutex::new(HashMap::new())
[INFO] [stdout] 45 | |     };
[INFO] [stdout] 46 | | }
[INFO] [stdout]    | |_^
[INFO] [stdout]    |
[INFO] [stdout]    = note: `#[warn(deprecated)]` on by default
[INFO] [stdout]    = note: this warning originates in a macro (in Nightly builds, run with -Z macro-backtrace for more info)
[INFO] [stdout] 
[INFO] [stdout] 
[INFO] [stdout] warning: use of deprecated constant `std::sync::ONCE_INIT`: the `new` function is now preferred
[INFO] [stdout]   --> src/data.rs:54:1
[INFO] [stdout]    |
[INFO] [stdout] 54 | / lazy_static! {
[INFO] [stdout] 55 | |     pub static ref REQUESTED_MOCKS: Mutex<Vec<RequestedMock>> = {
[INFO] [stdout] 56 | |         Mutex::new(Vec::new())
[INFO] [stdout] 57 | |     };
[INFO] [stdout] 58 | | }
[INFO] [stdout]    | |_^
[INFO] [stdout]    |
[INFO] [stdout]    = note: this warning originates in a macro (in Nightly builds, run with -Z macro-backtrace for more info)
[INFO] [stdout] 
[INFO] [stdout] 
[INFO] [stdout] warning: use of deprecated constant `std::sync::ONCE_INIT`: the `new` function is now preferred
[INFO] [stdout]   --> src/data.rs:73:1
[INFO] [stdout]    |
[INFO] [stdout] 73 | / lazy_static! {
[INFO] [stdout] 74 | |     pub static ref BINDINGS: Mutex<Bindings> = {
[INFO] [stdout] 75 | |         Mutex::new(Vec::new())
[INFO] [stdout] 76 | |     };
[INFO] [stdout] 77 | | }
[INFO] [stdout]    | |_^
[INFO] [stdout]    |
[INFO] [stdout]    = note: this warning originates in a macro (in Nightly builds, run with -Z macro-backtrace for more info)
[INFO] [stdout] 
[INFO] [stdout] 
[INFO] [stdout] warning: use of deprecated constant `std::sync::ONCE_INIT`: the `new` function is now preferred
[INFO] [stdout]    --> src/data.rs:155:1
[INFO] [stdout]     |
[INFO] [stdout] 155 | / lazy_static! {
[INFO] [stdout] 156 | |     pub static ref GIVEN_STATEMENTS: Mutex<GivenStatements> = {
[INFO] [stdout] 157 | |         Mutex::new(HashMap::new())
[INFO] [stdout] 158 | |     };
[INFO] [stdout] 159 | | }
[INFO] [stdout]     | |_^
[INFO] [stdout]     |
[INFO] [stdout]     = note: this warning originates in a macro (in Nightly builds, run with -Z macro-backtrace for more info)
[INFO] [stdout] 
[INFO] [stdout] 
[INFO] [stdout] warning: use of deprecated constant `std::sync::ONCE_INIT`: the `new` function is now preferred
[INFO] [stdout]    --> src/data.rs:218:1
[INFO] [stdout]     |
[INFO] [stdout] 218 | / lazy_static! {
[INFO] [stdout] 219 | |     pub static ref EXPECT_STATEMENTS: Mutex<ExpectStatements> = {
[INFO] [stdout] 220 | |         Mutex::new(HashMap::new())
[INFO] [stdout] 221 | |     };
[INFO] [stdout] 222 | | }
[INFO] [stdout]     | |_^
[INFO] [stdout]     |
[INFO] [stdout]     = note: this warning originates in a macro (in Nightly builds, run with -Z macro-backtrace for more info)
[INFO] [stdout] 
[INFO] [stdout] 
[INFO] [stdout] warning: the feature `proc_macro` has been stable since 1.29.0 and no longer requires an attribute to enable
[INFO] [stdout]   --> src/lib.rs:15:12
[INFO] [stdout]    |
[INFO] [stdout] 15 | #![feature(proc_macro)]
[INFO] [stdout]    |            ^^^^^^^^^^
[INFO] [stdout]    |
[INFO] [stdout]    = note: `#[warn(stable_features)]` on by default
[INFO] [stdout] 
[INFO] [stdout] 
[INFO] [stdout] warning: this method call currently resolves to `<&[T; N] as IntoIterator>::into_iter` (due to autoref coercions), but that might change in the future when `IntoIterator` impls for arrays are added.
[INFO] [stdout]    --> src/lib.rs:236:17
[INFO] [stdout]     |
[INFO] [stdout] 236 |     macro_names.into_iter()
[INFO] [stdout]     |                 ^^^^^^^^^ help: use `.iter()` instead of `.into_iter()` to avoid ambiguity: `iter`
[INFO] [stdout]     |
[INFO] [stdout]     = note: `#[warn(array_into_iter)]` on by default
[INFO] [stdout]     = warning: this was previously accepted by the compiler but is being phased out; it will become a hard error in a future release!
[INFO] [stdout]     = note: for more information, see issue #66145 <https://github.com/rust-lang/rust/issues/66145>
[INFO] [stdout] 
[INFO] [stdout] 
[INFO] [stdout] warning: 7 warnings emitted
[INFO] [stdout] 
[INFO] [stdout] 
[INFO] [stdout] error: custom attribute panicked
[INFO] [stdout]   --> tests/mock_referred_trait.rs:26:1
[INFO] [stdout]    |
[INFO] [stdout] 26 | #[mockable(intern ::sub1::sub2)]
[INFO] [stdout]    | ^^^^^^^^^^^^^^^^^^^^^^^^^^^^^^^^
[INFO] [stdout]    |
[INFO] [stdout]    = help: message: failed to parse #[mockable(..)] requires the absolute path of the trait's module.It must be preceded with `extern`/`intern` if the trait is defined in another crate/module
[INFO] [stdout] 
[INFO] [stdout] 
[INFO] [stdout] error: custom attribute panicked
[INFO] [stdout]   --> tests/mock_referred_trait.rs:29:8
[INFO] [stdout]    |
[INFO] [stdout] 29 | #[test]#[use_mocks]
[INFO] [stdout]    |        ^^^^^^^^^^^^
[INFO] [stdout]    |
[INFO] [stdout]    = help: message: called `Result::unwrap()` on an `Err` value: "PoisonError { inner: .. }"
[INFO] [stdout] 
[INFO] [stdout] 
[INFO] [stdout] error[E0425]: cannot find function `create_mock_for_referred_trait` in this scope
[INFO] [stdout]   --> tests/mock_referred_trait.rs:30:1
[INFO] [stdout]    |
[INFO] [stdout] 30 | / fn create_mock_for_referred_trait() {
[INFO] [stdout] 31 | |     let mock = new_mock!(::sub1::sub2::EmptyTrait);
[INFO] [stdout] 32 | | }
[INFO] [stdout]    | |_^ not found in this scope
[INFO] [stdout] 
[INFO] [stdout] 
[INFO] [stdout] error: custom attribute panicked
[INFO] [stdout]   --> tests/mock_trait_in_submodules.rs:23:9
[INFO] [stdout]    |
[INFO] [stdout] 23 |         #[mockable(::sub1::sub2)]
[INFO] [stdout]    |         ^^^^^^^^^^^^^^^^^^^^^^^^^
[INFO] [stdout]    |
[INFO] [stdout]    = help: message: failed to parse #[mockable(..)] requires the absolute path of the trait's module.It must be preceded with `extern`/`intern` if the trait is defined in another crate/module
[INFO] [stdout] 
[INFO] [stdout] 
[INFO] [stdout] error: custom attribute panicked
[INFO] [stdout]   --> tests/mock_trait_in_submodules.rs:31:12
[INFO] [stdout]    |
[INFO] [stdout] 31 |     #[test]#[use_mocks]
[INFO] [stdout]    |            ^^^^^^^^^^^^
[INFO] [stdout]    |
[INFO] [stdout]    = help: message: called `Result::unwrap()` on an `Err` value: "PoisonError { inner: .. }"
[INFO] [stdout] 
[INFO] [stdout] 
[INFO] [stdout] error: aborting due to 3 previous errors
[INFO] [stdout] 
[INFO] [stdout] 
[INFO] [stdout] For more information about this error, try `rustc --explain E0425`.
[INFO] [stdout] 
[INFO] [stderr] error: could not compile `galvanic-mock`.
[INFO] [stdout] error[E0425]: cannot find function `create_mock_from_other_submodule` in this scope
[INFO] [stdout]   --> tests/mock_trait_in_submodules.rs:32:5
[INFO] [stdout]    |
[INFO] [stdout] 32 | /     fn create_mock_from_other_submodule() {
[INFO] [stdout] 33 | |         let mock = new_mock!(::sub1::sub2::EmptyTrait);
[INFO] [stdout] 34 | |     }
[INFO] [stdout]    | |_____^ not found in this scope
[INFO] [stdout] 
[INFO] [stdout] 
[INFO] [stderr] 
[INFO] [stderr] To learn more, run the command again with --verbose.
[INFO] [stderr] warning: build failed, waiting for other jobs to finish...
[INFO] [stdout] warning: the feature `proc_macro` has been stable since 1.29.0 and no longer requires an attribute to enable
[INFO] [stdout]   --> tests/mock_trait_and_apply_attributes.rs:15:12
[INFO] [stdout]    |
[INFO] [stdout] 15 | #![feature(proc_macro)]
[INFO] [stdout]    |            ^^^^^^^^^^
[INFO] [stdout]    |
[INFO] [stdout]    = note: `#[warn(stable_features)]` on by default
[INFO] [stdout] 
[INFO] [stdout] 
[INFO] [stdout] warning: 1 warning emitted
[INFO] [stdout] 
[INFO] [stdout] 
[INFO] [stdout] error: aborting due to 3 previous errors
[INFO] [stdout] 
[INFO] [stdout] 
[INFO] [stdout] For more information about this error, try `rustc --explain E0425`.
[INFO] [stdout] 
[INFO] [stdout] warning: the feature `proc_macro` has been stable since 1.29.0 and no longer requires an attribute to enable
[INFO] [stdout]   --> tests/given_method_without_args.rs:15:12
[INFO] [stdout]    |
[INFO] [stdout] 15 | #![feature(proc_macro)]
[INFO] [stdout]    |            ^^^^^^^^^^
[INFO] [stdout]    |
[INFO] [stdout]    = note: `#[warn(stable_features)]` on by default
[INFO] [stdout] 
[INFO] [stdout] 
[INFO] [stdout] warning: 1 warning emitted
[INFO] [stdout] 
[INFO] [stdout] 
[INFO] [stdout] warning: the feature `proc_macro` has been stable since 1.29.0 and no longer requires an attribute to enable
[INFO] [stdout]   --> tests/given_void_method_without_args.rs:15:12
[INFO] [stdout]    |
[INFO] [stdout] 15 | #![feature(proc_macro)]
[INFO] [stdout]    |            ^^^^^^^^^^
[INFO] [stdout]    |
[INFO] [stdout]    = note: `#[warn(stable_features)]` on by default
[INFO] [stdout] 
[INFO] [stdout] 
[INFO] [stdout] warning: 1 warning emitted
[INFO] [stdout] 
[INFO] [stdout] 
[INFO] [stdout] warning: the feature `proc_macro` has been stable since 1.29.0 and no longer requires an attribute to enable
[INFO] [stdout]   --> tests/given_block_missing_for_method.rs:15:12
[INFO] [stdout]    |
[INFO] [stdout] 15 | #![feature(proc_macro)]
[INFO] [stdout]    |            ^^^^^^^^^^
[INFO] [stdout]    |
[INFO] [stdout]    = note: `#[warn(stable_features)]` on by default
[INFO] [stdout] 
[INFO] [stdout] 
[INFO] [stdout] warning: 1 warning emitted
[INFO] [stdout] 
[INFO] [stdout] 
[INFO] [stdout] warning: the feature `proc_macro` has been stable since 1.29.0 and no longer requires an attribute to enable
[INFO] [stdout]   --> tests/expect_method_without_args.rs:15:12
[INFO] [stdout]    |
[INFO] [stdout] 15 | #![feature(proc_macro)]
[INFO] [stdout]    |            ^^^^^^^^^^
[INFO] [stdout]    |
[INFO] [stdout]    = note: `#[warn(stable_features)]` on by default
[INFO] [stdout] 
[INFO] [stdout] 
[INFO] [stdout] warning: 1 warning emitted
[INFO] [stdout] 
[INFO] [stdout] 
[INFO] [stdout] warning: the feature `proc_macro` has been stable since 1.29.0 and no longer requires an attribute to enable
[INFO] [stdout]   --> tests/expect_void_method.rs:15:12
[INFO] [stdout]    |
[INFO] [stdout] 15 | #![feature(proc_macro)]
[INFO] [stdout]    |            ^^^^^^^^^^
[INFO] [stdout]    |
[INFO] [stdout]    = note: `#[warn(stable_features)]` on by default
[INFO] [stdout] 
[INFO] [stdout] 
[INFO] [stdout] warning: 1 warning emitted
[INFO] [stdout] 
[INFO] [stdout] 
[INFO] [stdout] warning: the feature `proc_macro` has been stable since 1.29.0 and no longer requires an attribute to enable
[INFO] [stdout]   --> tests/mock_with_explicit_type_name.rs:15:12
[INFO] [stdout]    |
[INFO] [stdout] 15 | #![feature(proc_macro)]
[INFO] [stdout]    |            ^^^^^^^^^^
[INFO] [stdout]    |
[INFO] [stdout]    = note: `#[warn(stable_features)]` on by default
[INFO] [stdout] 
[INFO] [stdout] 
[INFO] [stdout] error: custom attribute panicked
[INFO] [stdout]    --> tests/expect_different_interactions.rs:394:5
[INFO] [stdout]     |
[INFO] [stdout] 394 |     #[mockable(::multiple_traits)]
[INFO] [stdout]     |     ^^^^^^^^^^^^^^^^^^^^^^^^^^^^^^
[INFO] [stdout]     |
[INFO] [stdout]     = help: message: failed to parse #[mockable(..)] requires the absolute path of the trait's module.It must be preceded with `extern`/`intern` if the trait is defined in another crate/module
[INFO] [stdout] 
[INFO] [stdout] 
[INFO] [stdout] warning: 1 warning emitted
[INFO] [stdout] 
[INFO] [stdout] 
[INFO] [stdout] error: custom attribute panicked
[INFO] [stdout]    --> tests/expect_different_interactions.rs:400:5
[INFO] [stdout]     |
[INFO] [stdout] 400 |     #[use_mocks]
[INFO] [stdout]     |     ^^^^^^^^^^^^
[INFO] [stdout]     |
[INFO] [stdout]     = help: message: called `Result::unwrap()` on an `Err` value: "PoisonError { inner: .. }"
[INFO] [stdout] 
[INFO] [stdout] 
[INFO] [stdout] warning: the feature `proc_macro` has been stable since 1.29.0 and no longer requires an attribute to enable
[INFO] [stdout]   --> tests/verify_on_drop.rs:15:12
[INFO] [stdout]    |
[INFO] [stdout] 15 | #![feature(proc_macro)]
[INFO] [stdout]    |            ^^^^^^^^^^
[INFO] [stdout]    |
[INFO] [stdout]    = note: `#[warn(stable_features)]` on by default
[INFO] [stdout] 
[INFO] [stdout] 
[INFO] [stdout] warning: the feature `proc_macro` has been stable since 1.29.0 and no longer requires an attribute to enable
[INFO] [stdout]   --> tests/given_method_with_single_arg.rs:15:12
[INFO] [stdout]    |
[INFO] [stdout] 15 | #![feature(proc_macro)]
[INFO] [stdout]    |            ^^^^^^^^^^
[INFO] [stdout]    |
[INFO] [stdout]    = note: `#[warn(stable_features)]` on by default
[INFO] [stdout] 
[INFO] [stdout] 
[INFO] [stdout] error[E0425]: cannot find function `matching_expectation` in this scope
[INFO] [stdout]    --> tests/expect_different_interactions.rs:401:5
[INFO] [stdout]     |
[INFO] [stdout] 401 | /     fn matching_expectation() {
[INFO] [stdout] 402 | |         let mock = new_mock!(TestTrait, ::multiple_traits::OtherTrait);
[INFO] [stdout] 403 | |
[INFO] [stdout] 404 | |         given! {
[INFO] [stdout] ...   |
[INFO] [stdout] 417 | |         mock.verify();
[INFO] [stdout] 418 | |     }
[INFO] [stdout]     | |_____^ not found in this scope
[INFO] [stdout]     |
[INFO] [stdout] help: consider importing one of these items
[INFO] [stdout]     |
[INFO] [stdout] 392 |     use test_at_least::matching_expectation;
[INFO] [stdout]     |
[INFO] [stdout] 392 |     use test_never::matching_expectation;
[INFO] [stdout]     |
[INFO] [stdout] 392 |     use test_times::matching_expectation;
[INFO] [stdout]     |
[INFO] [stdout] 
[INFO] [stdout] 
[INFO] [stdout] warning: 1 warning emitted
[INFO] [stdout] 
[INFO] [stdout] 
[INFO] [stdout] warning: 1 warning emitted
[INFO] [stdout] 
[INFO] [stdout] 
[INFO] [stdout] warning: the feature `proc_macro` has been stable since 1.29.0 and no longer requires an attribute to enable
[INFO] [stdout]   --> tests/use_mocks_on_module.rs:15:12
[INFO] [stdout]    |
[INFO] [stdout] 15 | #![feature(proc_macro)]
[INFO] [stdout]    |            ^^^^^^^^^^
[INFO] [stdout]    |
[INFO] [stdout]    = note: `#[warn(stable_features)]` on by default
[INFO] [stdout] 
[INFO] [stdout] 
[INFO] [stdout] warning: the feature `proc_macro` has been stable since 1.29.0 and no longer requires an attribute to enable
[INFO] [stdout]   --> tests/given_different_repeats.rs:15:12
[INFO] [stdout]    |
[INFO] [stdout] 15 | #![feature(proc_macro)]
[INFO] [stdout]    |            ^^^^^^^^^^
[INFO] [stdout]    |
[INFO] [stdout]    = note: `#[warn(stable_features)]` on by default
[INFO] [stdout] 
[INFO] [stdout] 
[INFO] [stdout] warning: 1 warning emitted
[INFO] [stdout] 
[INFO] [stdout] 
[INFO] [stdout] warning: 1 warning emitted
[INFO] [stdout] 
[INFO] [stdout] 
[INFO] [stdout] error: aborting due to 3 previous errors
[INFO] [stdout] 
[INFO] [stdout] 
[INFO] [stdout] For more information about this error, try `rustc --explain E0425`.
[INFO] [stdout] 
[INFO] [stderr] error: build failed
[INFO] running `Command { std: "docker" "inspect" "d7cdb73ca7e6b346749b79e81735f70a4c541056c023b08e2ee01a39735e97d9", kill_on_drop: false }`
[INFO] running `Command { std: "docker" "rm" "-f" "d7cdb73ca7e6b346749b79e81735f70a4c541056c023b08e2ee01a39735e97d9", kill_on_drop: false }`
[INFO] [stdout] d7cdb73ca7e6b346749b79e81735f70a4c541056c023b08e2ee01a39735e97d9
